{"id":6,"date":"2020-10-25T15:24:34","date_gmt":"2020-10-25T15:24:34","guid":{"rendered":"https:\/\/www.xn--staldtanges-qgb.dk\/?page_id=6"},"modified":"2024-07-23T10:56:33","modified_gmt":"2024-07-23T10:56:33","slug":"det-nye-umoma-aabner-doerene-2","status":"publish","type":"page","link":"https:\/\/www.xn--staldtanges-qgb.dk\/","title":{"rendered":""},"content":{"rendered":"\n<h2 class=\"wp-block-heading has-text-align-center\"><em><span style=\"color:#0d1277\" class=\"has-inline-color\">Stald Tange S\u00f8<\/span><br><span style=\"color:#0d1277\" class=\"has-inline-color\">Tr\u00e6ning, opdr\u00e6t og opstaldning af heste i sk\u00f8nne omgivelser<\/span><\/em><\/h2>\n\n\n\n<div class=\"wp-block-group alignwide\"><div class=\"wp-block-group__inner-container is-layout-flow wp-block-group-is-layout-flow\">\n<p><span style=\"color:#0d1277\" class=\"has-inline-color\">Trivsel for hest og rytter er i centrum <\/span><\/p>\n<\/div><\/div>\n\n\n\n<div class=\"wp-block-columns alignwide is-layout-flex wp-container-core-columns-is-layout-9d6595d7 wp-block-columns-is-layout-flex\">\n<div class=\"wp-block-column is-layout-flow wp-block-column-is-layout-flow\">\n<div class=\"wp-block-group\"><div class=\"wp-block-group__inner-container is-layout-flow wp-block-group-is-layout-flow\">\n<figure class=\"wp-block-gallery alignfull has-nested-images columns-default is-cropped wp-block-gallery-1 is-layout-flex wp-block-gallery-is-layout-flex\">\n<figure class=\"wp-block-image size-full\"><img loading=\"lazy\" decoding=\"async\" width=\"2560\" height=\"2215\" data-id=\"81\" src=\"https:\/\/www.xn--staldtanges-qgb.dk\/wp-content\/uploads\/2020\/11\/Baggrund-1-scaled.jpg\" alt=\"\" class=\"wp-image-81\" srcset=\"https:\/\/www.xn--staldtanges-qgb.dk\/wp-content\/uploads\/2020\/11\/Baggrund-1-scaled.jpg 2560w, https:\/\/www.xn--staldtanges-qgb.dk\/wp-content\/uploads\/2020\/11\/Baggrund-1-300x260.jpg 300w, https:\/\/www.xn--staldtanges-qgb.dk\/wp-content\/uploads\/2020\/11\/Baggrund-1-1024x886.jpg 1024w, https:\/\/www.xn--staldtanges-qgb.dk\/wp-content\/uploads\/2020\/11\/Baggrund-1-768x665.jpg 768w, https:\/\/www.xn--staldtanges-qgb.dk\/wp-content\/uploads\/2020\/11\/Baggrund-1-1536x1329.jpg 1536w, https:\/\/www.xn--staldtanges-qgb.dk\/wp-content\/uploads\/2020\/11\/Baggrund-1-2048x1772.jpg 2048w\" sizes=\"auto, (max-width: 2560px) 100vw, 2560px\" \/><\/figure>\n\n\n\n<figure class=\"wp-block-image size-full\"><img loading=\"lazy\" decoding=\"async\" width=\"2560\" height=\"2300\" data-id=\"82\" src=\"https:\/\/www.xn--staldtanges-qgb.dk\/wp-content\/uploads\/2020\/11\/baggrund-2-scaled.jpg\" alt=\"\" class=\"wp-image-82\" srcset=\"https:\/\/www.xn--staldtanges-qgb.dk\/wp-content\/uploads\/2020\/11\/baggrund-2-scaled.jpg 2560w, https:\/\/www.xn--staldtanges-qgb.dk\/wp-content\/uploads\/2020\/11\/baggrund-2-300x270.jpg 300w, https:\/\/www.xn--staldtanges-qgb.dk\/wp-content\/uploads\/2020\/11\/baggrund-2-1024x920.jpg 1024w, https:\/\/www.xn--staldtanges-qgb.dk\/wp-content\/uploads\/2020\/11\/baggrund-2-768x690.jpg 768w, https:\/\/www.xn--staldtanges-qgb.dk\/wp-content\/uploads\/2020\/11\/baggrund-2-1536x1380.jpg 1536w, https:\/\/www.xn--staldtanges-qgb.dk\/wp-content\/uploads\/2020\/11\/baggrund-2-2048x1840.jpg 2048w\" sizes=\"auto, (max-width: 2560px) 100vw, 2560px\" \/><\/figure>\n\n\n\n<figure class=\"wp-block-image size-full\"><img loading=\"lazy\" decoding=\"async\" width=\"1991\" height=\"805\" data-id=\"86\" src=\"https:\/\/www.xn--staldtanges-qgb.dk\/wp-content\/uploads\/2020\/11\/Ridebane-2.jpg\" alt=\"\" class=\"wp-image-86\" srcset=\"https:\/\/www.xn--staldtanges-qgb.dk\/wp-content\/uploads\/2020\/11\/Ridebane-2.jpg 1991w, https:\/\/www.xn--staldtanges-qgb.dk\/wp-content\/uploads\/2020\/11\/Ridebane-2-300x121.jpg 300w, https:\/\/www.xn--staldtanges-qgb.dk\/wp-content\/uploads\/2020\/11\/Ridebane-2-1024x414.jpg 1024w, https:\/\/www.xn--staldtanges-qgb.dk\/wp-content\/uploads\/2020\/11\/Ridebane-2-768x311.jpg 768w, https:\/\/www.xn--staldtanges-qgb.dk\/wp-content\/uploads\/2020\/11\/Ridebane-2-1536x621.jpg 1536w\" sizes=\"auto, (max-width: 1991px) 100vw, 1991px\" \/><\/figure>\n\n\n\n<figure class=\"wp-block-image size-full\"><img loading=\"lazy\" decoding=\"async\" width=\"2016\" height=\"1512\" data-id=\"139\" src=\"https:\/\/www.xn--staldtanges-qgb.dk\/wp-content\/uploads\/2020\/11\/baggrund-4.jpg\" alt=\"\" class=\"wp-image-139\" srcset=\"https:\/\/www.xn--staldtanges-qgb.dk\/wp-content\/uploads\/2020\/11\/baggrund-4.jpg 2016w, https:\/\/www.xn--staldtanges-qgb.dk\/wp-content\/uploads\/2020\/11\/baggrund-4-300x225.jpg 300w, https:\/\/www.xn--staldtanges-qgb.dk\/wp-content\/uploads\/2020\/11\/baggrund-4-1024x768.jpg 1024w, https:\/\/www.xn--staldtanges-qgb.dk\/wp-content\/uploads\/2020\/11\/baggrund-4-768x576.jpg 768w, https:\/\/www.xn--staldtanges-qgb.dk\/wp-content\/uploads\/2020\/11\/baggrund-4-1536x1152.jpg 1536w\" sizes=\"auto, (max-width: 2016px) 100vw, 2016px\" \/><\/figure>\n<\/figure>\n<\/div><\/div>\n<\/div>\n\n\n\n<div class=\"wp-block-column is-layout-flow wp-block-column-is-layout-flow\">\n<h4 class=\"wp-block-heading\"><span style=\"color:#0d1277\" class=\"has-inline-color\">Overblik<\/span><\/h4>\n\n\n\n<ul id=\"block-ccd0c59b-dde8-43c9-b6a7-c74bb6a2dc32\" class=\"wp-block-list\">\n<li>Tr\u00e6ning<\/li>\n\n\n\n<li>Opdr\u00e6t<\/li>\n\n\n\n<li>Fold<\/li>\n\n\n\n<li>Ridehus<\/li>\n\n\n\n<li>Ridebane<\/li>\n\n\n\n<li>Natur<\/li>\n<\/ul>\n\n\n\n<h4 class=\"wp-block-heading\"><span style=\"color:#0d1277\" class=\"has-inline-color\">Se mere i menuen<\/span><br><span style=\"color:#0d1277\" class=\"has-inline-color\"><a href=\"https:\/\/www.xn--staldtanges-qgb.dk\/?page_id=7\" data-type=\"page\" data-id=\"7\">Om Stald Tange S\u00f8<\/a><\/span><br><\/h4>\n\n\n\n<p><\/p>\n\n\n\n<p><\/p>\n<\/div>\n<\/div>\n\n\n\n<div class=\"wp-block-group alignwide\"><div class=\"wp-block-group__inner-container is-layout-flow wp-block-group-is-layout-flow\">\n<p><\/p>\n<\/div><\/div>\n\n\n\n<h2 class=\"wp-block-heading\"><\/h2>\n\n\n\n<figure class=\"wp-block-gallery has-nested-images columns-default is-cropped wp-block-gallery-2 is-layout-flex wp-block-gallery-is-layout-flex\">\n<figure class=\"wp-block-image size-large\"><img loading=\"lazy\" decoding=\"async\" width=\"360\" height=\"640\" data-id=\"197\" src=\"https:\/\/www.xn--staldtanges-qgb.dk\/wp-content\/uploads\/2022\/01\/IMG_3945.png\" alt=\"\" class=\"wp-image-197\" srcset=\"https:\/\/www.xn--staldtanges-qgb.dk\/wp-content\/uploads\/2022\/01\/IMG_3945.png 360w, https:\/\/www.xn--staldtanges-qgb.dk\/wp-content\/uploads\/2022\/01\/IMG_3945-169x300.png 169w\" sizes=\"auto, (max-width: 360px) 100vw, 360px\" \/><\/figure>\n<\/figure>\n\n\n\n<figure class=\"wp-block-gallery has-nested-images columns-default is-cropped wp-block-gallery-3 is-layout-flex wp-block-gallery-is-layout-flex\">\n<figure class=\"wp-block-image size-large\"><img loading=\"lazy\" decoding=\"async\" width=\"768\" height=\"1024\" data-id=\"146\" src=\"https:\/\/www.xn--staldtanges-qgb.dk\/wp-content\/uploads\/2020\/11\/ved-soeen-2-768x1024.jpg\" alt=\"\" class=\"wp-image-146\" srcset=\"https:\/\/www.xn--staldtanges-qgb.dk\/wp-content\/uploads\/2020\/11\/ved-soeen-2-768x1024.jpg 768w, https:\/\/www.xn--staldtanges-qgb.dk\/wp-content\/uploads\/2020\/11\/ved-soeen-2-225x300.jpg 225w, https:\/\/www.xn--staldtanges-qgb.dk\/wp-content\/uploads\/2020\/11\/ved-soeen-2-1152x1536.jpg 1152w, https:\/\/www.xn--staldtanges-qgb.dk\/wp-content\/uploads\/2020\/11\/ved-soeen-2.jpg 1512w\" sizes=\"auto, (max-width: 768px) 100vw, 768px\" \/><\/figure>\n\n\n\n<figure class=\"wp-block-image size-large\"><img loading=\"lazy\" decoding=\"async\" width=\"1024\" height=\"768\" data-id=\"147\" src=\"https:\/\/www.xn--staldtanges-qgb.dk\/wp-content\/uploads\/2020\/11\/stor-stald-1024x768.jpg\" alt=\"\" class=\"wp-image-147\" srcset=\"https:\/\/www.xn--staldtanges-qgb.dk\/wp-content\/uploads\/2020\/11\/stor-stald-1024x768.jpg 1024w, https:\/\/www.xn--staldtanges-qgb.dk\/wp-content\/uploads\/2020\/11\/stor-stald-300x225.jpg 300w, https:\/\/www.xn--staldtanges-qgb.dk\/wp-content\/uploads\/2020\/11\/stor-stald-768x576.jpg 768w, https:\/\/www.xn--staldtanges-qgb.dk\/wp-content\/uploads\/2020\/11\/stor-stald-1536x1152.jpg 1536w, https:\/\/www.xn--staldtanges-qgb.dk\/wp-content\/uploads\/2020\/11\/stor-stald.jpg 2016w\" sizes=\"auto, (max-width: 1024px) 100vw, 1024px\" \/><\/figure>\n\n\n\n<figure class=\"wp-block-image size-large\"><img loading=\"lazy\" decoding=\"async\" width=\"768\" height=\"1024\" data-id=\"148\" src=\"https:\/\/www.xn--staldtanges-qgb.dk\/wp-content\/uploads\/2020\/11\/stalden-2-768x1024.jpg\" alt=\"\" class=\"wp-image-148\" srcset=\"https:\/\/www.xn--staldtanges-qgb.dk\/wp-content\/uploads\/2020\/11\/stalden-2-768x1024.jpg 768w, https:\/\/www.xn--staldtanges-qgb.dk\/wp-content\/uploads\/2020\/11\/stalden-2-225x300.jpg 225w, https:\/\/www.xn--staldtanges-qgb.dk\/wp-content\/uploads\/2020\/11\/stalden-2-1152x1536.jpg 1152w, https:\/\/www.xn--staldtanges-qgb.dk\/wp-content\/uploads\/2020\/11\/stalden-2.jpg 1512w\" sizes=\"auto, (max-width: 768px) 100vw, 768px\" \/><\/figure>\n\n\n\n<figure class=\"wp-block-image size-large\"><img loading=\"lazy\" decoding=\"async\" width=\"768\" height=\"1024\" data-id=\"150\" src=\"https:\/\/www.xn--staldtanges-qgb.dk\/wp-content\/uploads\/2020\/11\/ridehal-3-768x1024.jpg\" alt=\"\" class=\"wp-image-150\" srcset=\"https:\/\/www.xn--staldtanges-qgb.dk\/wp-content\/uploads\/2020\/11\/ridehal-3-768x1024.jpg 768w, https:\/\/www.xn--staldtanges-qgb.dk\/wp-content\/uploads\/2020\/11\/ridehal-3-225x300.jpg 225w, https:\/\/www.xn--staldtanges-qgb.dk\/wp-content\/uploads\/2020\/11\/ridehal-3-1152x1536.jpg 1152w, https:\/\/www.xn--staldtanges-qgb.dk\/wp-content\/uploads\/2020\/11\/ridehal-3.jpg 1435w\" sizes=\"auto, (max-width: 768px) 100vw, 768px\" \/><\/figure>\n\n\n\n<figure class=\"wp-block-image size-large\"><img loading=\"lazy\" decoding=\"async\" width=\"1024\" height=\"617\" data-id=\"151\" src=\"https:\/\/www.xn--staldtanges-qgb.dk\/wp-content\/uploads\/2020\/11\/ridebane-4-2-1024x617.jpg\" alt=\"\" class=\"wp-image-151\" srcset=\"https:\/\/www.xn--staldtanges-qgb.dk\/wp-content\/uploads\/2020\/11\/ridebane-4-2-1024x617.jpg 1024w, https:\/\/www.xn--staldtanges-qgb.dk\/wp-content\/uploads\/2020\/11\/ridebane-4-2-300x181.jpg 300w, https:\/\/www.xn--staldtanges-qgb.dk\/wp-content\/uploads\/2020\/11\/ridebane-4-2-768x463.jpg 768w, https:\/\/www.xn--staldtanges-qgb.dk\/wp-content\/uploads\/2020\/11\/ridebane-4-2.jpg 1481w\" sizes=\"auto, (max-width: 1024px) 100vw, 1024px\" \/><\/figure>\n\n\n\n<figure class=\"wp-block-image size-large\"><img loading=\"lazy\" decoding=\"async\" width=\"640\" height=\"480\" data-id=\"153\" src=\"https:\/\/www.xn--staldtanges-qgb.dk\/wp-content\/uploads\/2020\/11\/IMG_0867-1-rotated.jpg\" alt=\"\" class=\"wp-image-153\" srcset=\"https:\/\/www.xn--staldtanges-qgb.dk\/wp-content\/uploads\/2020\/11\/IMG_0867-1-rotated.jpg 640w, https:\/\/www.xn--staldtanges-qgb.dk\/wp-content\/uploads\/2020\/11\/IMG_0867-1-300x225.jpg 300w\" sizes=\"auto, (max-width: 640px) 100vw, 640px\" \/><\/figure>\n\n\n\n<figure class=\"wp-block-image size-large\"><img loading=\"lazy\" decoding=\"async\" width=\"360\" height=\"640\" data-id=\"200\" src=\"https:\/\/www.xn--staldtanges-qgb.dk\/wp-content\/uploads\/2022\/01\/IMG_4075.png\" alt=\"\" class=\"wp-image-200\" srcset=\"https:\/\/www.xn--staldtanges-qgb.dk\/wp-content\/uploads\/2022\/01\/IMG_4075.png 360w, https:\/\/www.xn--staldtanges-qgb.dk\/wp-content\/uploads\/2022\/01\/IMG_4075-169x300.png 169w\" sizes=\"auto, (max-width: 360px) 100vw, 360px\" \/><\/figure>\n\n\n\n<figure class=\"wp-block-image size-large\"><img loading=\"lazy\" decoding=\"async\" width=\"480\" height=\"640\" data-id=\"201\" src=\"https:\/\/www.xn--staldtanges-qgb.dk\/wp-content\/uploads\/2022\/01\/IMG_2806-rotated.jpg\" alt=\"\" class=\"wp-image-201\" srcset=\"https:\/\/www.xn--staldtanges-qgb.dk\/wp-content\/uploads\/2022\/01\/IMG_2806-rotated.jpg 480w, https:\/\/www.xn--staldtanges-qgb.dk\/wp-content\/uploads\/2022\/01\/IMG_2806-225x300.jpg 225w\" sizes=\"auto, (max-width: 480px) 100vw, 480px\" \/><\/figure>\n\n\n\n<figure class=\"wp-block-image size-large\"><img loading=\"lazy\" decoding=\"async\" width=\"360\" height=\"640\" data-id=\"204\" src=\"https:\/\/www.xn--staldtanges-qgb.dk\/wp-content\/uploads\/2022\/01\/IMG_3315.png\" alt=\"\" class=\"wp-image-204\" srcset=\"https:\/\/www.xn--staldtanges-qgb.dk\/wp-content\/uploads\/2022\/01\/IMG_3315.png 360w, https:\/\/www.xn--staldtanges-qgb.dk\/wp-content\/uploads\/2022\/01\/IMG_3315-169x300.png 169w\" sizes=\"auto, (max-width: 360px) 100vw, 360px\" \/><\/figure>\n\n\n\n<figure class=\"wp-block-image size-large\"><img loading=\"lazy\" decoding=\"async\" width=\"480\" height=\"640\" data-id=\"205\" src=\"https:\/\/www.xn--staldtanges-qgb.dk\/wp-content\/uploads\/2022\/01\/IMG_0749-rotated.jpg\" alt=\"\" class=\"wp-image-205\" srcset=\"https:\/\/www.xn--staldtanges-qgb.dk\/wp-content\/uploads\/2022\/01\/IMG_0749-rotated.jpg 480w, https:\/\/www.xn--staldtanges-qgb.dk\/wp-content\/uploads\/2022\/01\/IMG_0749-225x300.jpg 225w\" sizes=\"auto, (max-width: 480px) 100vw, 480px\" \/><\/figure>\n\n\n\n<figure class=\"wp-block-image size-large\"><img loading=\"lazy\" decoding=\"async\" width=\"480\" height=\"640\" data-id=\"206\" src=\"https:\/\/www.xn--staldtanges-qgb.dk\/wp-content\/uploads\/2022\/01\/IMG_3111-1-rotated.jpg\" alt=\"\" class=\"wp-image-206\" srcset=\"https:\/\/www.xn--staldtanges-qgb.dk\/wp-content\/uploads\/2022\/01\/IMG_3111-1-rotated.jpg 480w, https:\/\/www.xn--staldtanges-qgb.dk\/wp-content\/uploads\/2022\/01\/IMG_3111-1-225x300.jpg 225w\" sizes=\"auto, (max-width: 480px) 100vw, 480px\" \/><\/figure>\n\n\n\n<figure class=\"wp-block-image size-large\"><img loading=\"lazy\" decoding=\"async\" width=\"480\" height=\"640\" data-id=\"208\" src=\"https:\/\/www.xn--staldtanges-qgb.dk\/wp-content\/uploads\/2022\/01\/IMG_4147.jpg\" alt=\"\" class=\"wp-image-208\" srcset=\"https:\/\/www.xn--staldtanges-qgb.dk\/wp-content\/uploads\/2022\/01\/IMG_4147.jpg 480w, https:\/\/www.xn--staldtanges-qgb.dk\/wp-content\/uploads\/2022\/01\/IMG_4147-225x300.jpg 225w\" sizes=\"auto, (max-width: 480px) 100vw, 480px\" \/><\/figure>\n\n\n\n<figure class=\"wp-block-image size-large\"><img loading=\"lazy\" decoding=\"async\" width=\"640\" height=\"427\" data-id=\"202\" src=\"https:\/\/www.xn--staldtanges-qgb.dk\/wp-content\/uploads\/2022\/01\/billeder-101.jpg\" alt=\"\" class=\"wp-image-202\" srcset=\"https:\/\/www.xn--staldtanges-qgb.dk\/wp-content\/uploads\/2022\/01\/billeder-101.jpg 640w, https:\/\/www.xn--staldtanges-qgb.dk\/wp-content\/uploads\/2022\/01\/billeder-101-300x200.jpg 300w\" sizes=\"auto, (max-width: 640px) 100vw, 640px\" \/><\/figure>\n<\/figure>\n\n\n\n<p><\/p>\n\n\n\n<p><span style=\"color:#0d1277\" class=\"has-inline-color\">Stald Tange S\u00f8 &#8211; Herredsvejen  60, 8832 Skals &#8211; Tlf. 2629 6185 &#8211; CVR 32926363<\/span><\/p>\n\n\n\n<p><\/p>\n","protected":false},"excerpt":{"rendered":"<p>Stald Tange S\u00f8Tr\u00e6ning, opdr\u00e6t og opstaldning af heste i sk\u00f8nne omgivelser Trivsel for hest og rytter er i centrum Overblik Se mere i menuenOm Stald Tange S\u00f8 Stald Tange S\u00f8 &#8211; Herredsvejen 60, 8832 Skals &#8211; Tlf. 2629 6185 &#8211; CVR 32926363<\/p>\n","protected":false},"author":1,"featured_media":5,"parent":0,"menu_order":0,"comment_status":"closed","ping_status":"closed","template":"","meta":{"footnotes":""},"class_list":["post-6","page","type-page","status-publish","has-post-thumbnail","hentry"],"_links":{"self":[{"href":"https:\/\/www.xn--staldtanges-qgb.dk\/index.php?rest_route=\/wp\/v2\/pages\/6","targetHints":{"allow":["GET"]}}],"collection":[{"href":"https:\/\/www.xn--staldtanges-qgb.dk\/index.php?rest_route=\/wp\/v2\/pages"}],"about":[{"href":"https:\/\/www.xn--staldtanges-qgb.dk\/index.php?rest_route=\/wp\/v2\/types\/page"}],"author":[{"embeddable":true,"href":"https:\/\/www.xn--staldtanges-qgb.dk\/index.php?rest_route=\/wp\/v2\/users\/1"}],"replies":[{"embeddable":true,"href":"https:\/\/www.xn--staldtanges-qgb.dk\/index.php?rest_route=%2Fwp%2Fv2%2Fcomments&post=6"}],"version-history":[{"count":45,"href":"https:\/\/www.xn--staldtanges-qgb.dk\/index.php?rest_route=\/wp\/v2\/pages\/6\/revisions"}],"predecessor-version":[{"id":233,"href":"https:\/\/www.xn--staldtanges-qgb.dk\/index.php?rest_route=\/wp\/v2\/pages\/6\/revisions\/233"}],"wp:featuredmedia":[{"embeddable":true,"href":"https:\/\/www.xn--staldtanges-qgb.dk\/index.php?rest_route=\/wp\/v2\/media\/5"}],"wp:attachment":[{"href":"https:\/\/www.xn--staldtanges-qgb.dk\/index.php?rest_route=%2Fwp%2Fv2%2Fmedia&parent=6"}],"curies":[{"name":"wp","href":"https:\/\/api.w.org\/{rel}","templated":true}]}}